
What is the remainder when 1065644 is divided by 177602?
32
Calculate the remainder when 1105200 is divided by 63.
54
What is the remainder when 5623187 is divided by 82?
37
Calculate the remainder when 33320 is divided by 2040.
680
Calculate the remainder when 61562975 is divided by 1968.
1967
What is the remainder when 29557937 is divided by 14778964?
9
Calculate the remainder when 4639430 is divided by 20.
10
Calculate the remainder when 12562019 is divided by 11000.
19
What is the remainder when 16632836 is divided by 13?
12
Calculate the remainder when 23550089 is divided by 35736.
65
Calculate the remainder when 8938725 is divided by 31.
30
What is the remainder when 829488 is divided by 829460?
28
Calculate the remainder when 6490579 is divided by 129809.
129
Calculate the remainder when 57422248 is divided by 1629.
1627
Calculate the remainder when 7454 is divided by 6981.
473
What is the remainder when 204028 is divided by 100297?
3434
Calculate the remainder when 3595052 is divided by 12228.
20
What is the remainder when 379676861 is divided by 448?
445
Calculate the remainder when 73377 is divided by 73147.
230
What is the remainder when 37612739 is divided by 660?
659
What is the remainder when 1799696 is divided by 1050?
1046
What is the remainder when 812999 is divided by 878?
849
Calculate the remainder when 76643699 is divided by 44.
11
What is the remainder when 338507 is divided by 166?
33
Calculate the remainder when 489337 is divided by 307.
286
Calculate the remainder when 117420 is divided by 251.
203
Calculate the remainder when 29084882 is divided by 1746.
14
What is the remainder when 22884736 is divided by 293394?
4
Calculate the remainder when 114948 is divided by 28644.
372
Calculate the remainder when 5015631 is divided by 3326.
23
Calculate the remainder when 9651024 is divided by 603184.
80
What is the remainder when 3726677 is divided by 301?
297
What is the remainder when 123304 is divided by 5602?
60
What is the remainder when 1240573 is divided by 246?
241
Calculate the remainder when 77562251 is divided by 178.
175
Calculate the remainder when 1107873 is divided by 1107851.
22
What is the remainder when 78088750 is divided by 17?
15
Calculate the remainder when 1858639 is divided by 61954.
19
Calculate the remainder when 113796642 is divided by 3167.
3165
What is the remainder when 342416 is divided by 1945?
96
What is the remainder when 19981823 is divided by 2185?
2183
What is the remainder when 114738 is divided by 28202?
1930
What is the remainder when 17504562 is divided by 1012?
1010
What is the remainder when 139060 is divided by 4094?
3958
Calculate the remainder when 462726 is divided by 64.
6
Calculate the remainder when 40927226 is divided by 16.
10
What is the remainder when 282568 is divided by 6906?
6328
Calculate the remainder when 9986769 is divided by 3328915.
24
Calculate the remainder when 4442799 is divided by 2320.
2319
Calculate the remainder when 76157 is divided by 21.
11
Calculate the remainder when 126785 is divided by 121842.
4943
Calculate the remainder when 93484 is divided by 338.
196
What is the remainder when 16065729 is divided by 36848?
1
What is the remainder when 195373 is divided by 475?
148
What is the remainder when 1364106 is divided by 15501?
18
What is the remainder when 147491 is divided by 5650?
591
What is the remainder when 5225722 is divided by 699?
697
Calculate the remainder when 62095326 is divided by 1471.
3
Calculate the remainder when 151460 is divided by 2805.
2795
What is the remainder when 18269 is divided by 9074?
121
Calculate the remainder when 3990083 is divided by 1995037.
9
Calculate the remainder when 69258 is divided by 54417.
14841
What is the remainder when 1494957 is divided by 1494942?
15
Calculate the remainder when 2808824 is divided by 255347.
7
Calculate the remainder when 866924 is divided by 1250.
674
Calculate the remainder when 4164561 is divided by 3078.
27
What is the remainder when 22134133 is divided by 1182?
1
Calculate the remainder when 13255 is divided by 1645.
95
Calculate the remainder when 1527739 is divided by 3488.
3483
What is the remainder when 3694232 is divided by 291?
278
Calculate the remainder when 925792 is divided by 1080.
232
Calculate the remainder when 33350 is divided by 2069.
246
Calculate the remainder when 9056022 is divided by 5462.
26
What is the remainder when 229263 is divided by 16269?
1497
Calculate the remainder when 38930358 is divided by 4325592.
30
What is the remainder when 29689220 is divided by 1087?
1076
What is the remainder when 486987 is divided by 25604?
511
Calculate the remainder when 23350 is divided by 8186.
6978
Calculate the remainder when 608353 is divided by 101317.
451
Calculate the remainder when 4584950 is divided by 2107.
118
Calculate the remainder when 218655995 is divided by 72885327.
14
What is the remainder when 819942 is divided by 1173?
15
Calculate the remainder when 3357545 is divided by 12165.
5
What is the remainder when 120219 is divided by 38950?
3369
What is the remainder when 9917940 is divided by 3305979?
3
Calculate the remainder when 374061065 is divided by 212.
209
What is the remainder when 256072 is divided by 1791?
1750
What is the remainder when 39433 is divided by 1195?
1193
What is the remainder when 208256 is divided by 277?
229
Calculate the remainder when 13654921 is divided by 28507.
68
Calculate the remainder when 124334 is divided by 848.
526
What is the remainder when 188796 is divided by 342?
12
Calculate the remainder when 1771170 is divided by 1188.
1050
What is the remainder when 2857253 is divided by 2856662?
591
Calculate the remainder when 94706 is divided by 94693.
13
What is the remainder when 966380 is divided by 966260?
120
What is the remainder when 11252199 is divided by 8?
7
Calculate the remainder when 379372 is divided by 54180.
112
What is the remainder when 14909771 is divided by 104?
19
What is the remainder when 227239 is divided by 15145?
64
Calculate the remainder when 6925125 is divided by 3462394.
337
What is the remainder when 3461671 is divided by 1802?
29
Calculate the remainder when 49233969 is divided by 2770.
2759
Calculate the remainder when 513881 is divided by 78.
17
Calculate the remainder when 1254147 is divided by 1254144.
3
Calculate the remainder when 19202093 is divided by 2453.
9
What is the remainder when 126334 is divided by 1343?
92
Calculate the remainder when 11491735 is divided by 3.
1
Calculate the remainder when 130072 is divided by 43350.
22
Calculate the remainder when 431051 is divided by 8792.
243
Calculate the remainder when 19992509 is divided by 5662.
5649
Calculate the remainder when 15348 is divided by 4841.
825
Calculate the remainder when 57137 is divided by 90.
77
Calculate the remainder when 2768094 is divided by 1384021.
52
Calculate the remainder when 20277690 is divided by 16.
10
Calculate the remainder when 20630777 is divided by 21.
20
What is the remainder when 23644534 is divided by 208?
134
Calculate the remainder when 255056871 is divided by 240.
231
What is the remainder when 1783177 is divided by 21220?
697
What is the remainder when 229742073 is divided by 4352?
4345
Calculate the remainder when 2314892 is divided by 1157439.
14
What is the remainder when 86406 is divided by 43195?
16
What is the remainder when 46452 is divided by 632?
316
Calculate the remainder when 2351304 is divided by 1756.
20
What is the remainder when 86911 is divided by 8565?
1261
Calculate the remainder when 242104985 is divided by 37.
36
Calculate the remainder when 63588 is divided by 2472.
1788
What is the remainder when 2163658 is divided by 764?
10
Calculate the remainder when 160320 is divided by 16.
0
Calculate the remainder when 660385520 is divided by 219.
218
Calculate the remainder when 142900987 is divided by 1248.
1243
What is the remainder when 2131362 is divided by 30?
12
Calculate the remainder when 524489 is divided by 8325.
14
Calculate the remainder when 318126 is divided by 63059.
2831
What is the remainder when 240387 is divided by 2998?
547
What is the remainder when 8372637 is divided by 4?
1
Calculate the remainder when 8697062 is divided by 297.
11
Calculate the rema